4?
8
What is the hundreds digit of 15881?
8
What is the thousands digit of 1361?
1
What is the units digit of 850?
0
What is the units digit of 490?
0
What is the tens digit of 2998?
9
What is the hundreds digit of 394?
3
What is the tens digit of 695?
9
What is the tens digit of 38829?
2
What is the hundreds digit of 7219?
2
What is the tens digit of 5464?
6
What is the tens digit of 7973?
7
What is the tens digit of 43891?
9
What is the thousands digit of 1709?
1
What is the units digit of 26685?
5
What is the hundreds digit of 1183?
1
What is the tens digit of 1209?
0
What is the tens digit of 26?
2
What is the ten thousands digit of 40471?
4
What is the hundreds digit of 529?
5
What is the ten thousands digit of 11330?
1
What is the units digit of 6643?
3
What is the hundreds digit of 3885?
8
What is the ten thousands digit of 13753?
1
What is the units digit of 33501?
1
What is the thousands digit of 88211?
8
What is the tens digit of 9236?
3
What is the thousands digit of 3930?
3
What is the hundreds digit of 10861?
8
What is the tens digit of 80347?
4
What is the thousands digit of 2911?
2
What is the hundreds digit of 43934?
9
What is the units digit of 3149?
9
What is the hundreds digit of 738?
7
What is the thousands digit of 7952?
7
What is the hundreds digit of 27779?
7
What is the thousands digit of 44853?
4
What is the units digit of 2061?
1
What is the hundreds digit of 3044?
0
What is the tens digit of 36239?
3
What is the thousands digit of 20541?
0
What is the hundreds digit of 34404?
4
What is the tens digit of 29553?
5
What is the units digit of 8259?
9
What is the hundreds digit of 2602?
6
What is the hundreds digit of 16491?
4
What is the hundreds digit of 290?
2
What is the hundreds digit of 3674?
6
What is the hundreds digit of 28591?
5
What is the ten thousands digit of 93304?
9
What is the hundreds digit of 2042?
0
What is the hundreds digit of 3043?
0
What is the ten thousands digit of 30309?
3
What is the units digit of 193?
3
What is the units digit of 9?
9
What is the thousands digit of 3796?
3
What is the tens digit of 10529?
2
What is the tens digit of 10?
1
What is the tens digit of 26357?
5
What is the thousands digit of 9814?
9
What is the tens digit of 72039?
3
What is the hundred thousands digit of 128788?
1
What is the ten thousands digit of 32650?
3
What is the thousands digit of 55479?
5
What is the hundreds digit of 834?
8
What is the hundreds digit of 8356?
3
What is the units digit of 4544?
4
What is the thousands digit of 25957?
5
What is the units digit of 1288?
8
What is the units digit of 5268?
8
What is the hundreds digit of 25752?
7
What is the tens digit of 57649?
4
What is the tens digit of 11320?
2
What is the hundreds digit of 2737?
7
What is the hundreds digit of 11081?
0
What is the hundreds digit of 4237?
2
What is the units digit of 17706?
6
What is the units digit of 25236?
6
What is the tens digit of 2305?
0
What is the tens digit of 1188?
8
What is the units digit of 64?
4
What is the tens digit of 9732?
3
What is the hundreds digit of 50798?
7
What is the units digit of 52777?
7
What is the tens digit of 20218?
1
What is the tens digit of 2524?
2
What is the hundreds digit of 6873?
8
What is the tens digit of 824?
2
What is the tens digit of 1283?
8
What is the units digit of 128815?
5
What is the hundreds digit of 61434?
4
What is the thousands digit of 21923?
1
What is the hundreds digit of 999?
9
What is the thousands digit of 55258?
5
What is the tens digit of 70800?
0
What is the hundreds digit of 1275?
2
What is the units digit of 3910?
0
What is the ten thousands digit of 17535?
1
What is the tens digit of 4509?
0
What is the ten thousands digit of 14312?
1
What is the tens digit of 26382?
8
What is the tens digit of 766?
6
What is the thousands digit of 9272?
9
What is the units digit of 327?
7
What is the units digit of 2595?
5
What is the hundreds digit of 4151?
1
What is the units digit of 4561?
1
What is the ten thousands digit of 100576?
0
What is the tens digit of 1666?
6
What is the units digit of 1961?
1
What is the hundreds digit of 2234?
2
What is the units digit of 11251?
1
What is the ten thousands digit of 17117?
1
What is the hundreds digit of 5952?
9
What is the hundreds digit of 857?
8
What is the hundreds digit of 1731?
7
What is the tens digit of 4731?
3
What is the tens digit of 3466?
6
What is the tens digit of 719?
1
What is the units digit of 61?
1
What is the thousands digit of 2198?
2
What is the thousands digit of 2502?
2
What is the units digit of 10741?
1
What is the units digit of 6721?
1
What is the thousands digit of 16465?
6
What is the ten thousands digit of 157560?
5
What is the tens digit of 1196?
9
What is the hundreds digit of 3112?
1
What is the units digit of 25757?
7
What is the units digit of 978?
8
What is the units digit of 1424?
4
What is the ten thousands digit of 29173?
2
What is the tens digit of 601?
0
What is the ten thousands digit of 22336?
2
What is the thousands digit of 9142?
9
What is the tens digit of 1683?
8
What is the units digit of 8151?
1
What is the thousands digit of 3866?
3
What is the thousands digit of 1114?
1
What is the tens digit of 1034?
3
What is the hundreds digit of 1782?
7
What is the units digit of 40497?
7
What is the units digit of 3132?
2
What is the hundreds digit of 5853?
8
What is the hundreds digit of 10153?
1
What is the units digit of 8650?
0
What is the hundreds digit of 521?
5
What is the units digit of 624?
4
What is the tens digit of 23996?
9
What is the ten thousands digit of 28560?
2
What is the units digit of 392?
2
What is the tens digit of 3795?
9
What is the hundreds digit of 51993?
9
What is the tens digit of 546?
4
What is the units digit of 15479?
9
What is the thousands digit of 2152?
2
What is the units digit of 1515?
5
What is the tens digit of 14679?
7
What is the units digit of 6258?
8
What is the tens digit of 10669?
6
What is the units digit of 88551?
1
What is the units digit of 2273?
3
What is the units digit of 970?
0
What is the thousands digit of 4005?
4
What is the thousands digit of 61859?
1
What is the tens digit of 1442?
4
What is the hundreds digit of 16109?
1
What is the tens digit of 8691?
9
What is the thousands digit of 1181?
1
What is the units digit of 6904?
4
What is the units digit of 40511?
1
What is the tens digit of 155?
5
What is the hundreds digit of 663?
6
What is the tens digit of 4824?
2
What is the hundreds digit of 14293?
2
What is the units digit of 22468?
8
What is the tens digit of 5688?
8
What is the hundreds digit of 2245?
2
What is the thousands digit of 5207?
5
What is the thousands digit of 6651?
6
What is the units digit of 396?
6
What is the units digit of 11132?
2
What is the units digit of 4397?
7
What is the thousands digit of 126165?
6
What is the ten thousands digit of 34904?
3
What is the tens digit of 84126?
2
What is the tens digit of 16447?
4
What is the hundreds digit of 14191?
1
What is the thousands digit of 3086?
3
What is the ten thousands digit of 10333?
1
What is the units digit of 413?
3
What is the thousands digit of 13502?
3
What is the units digit of 673?
3
What is the units digit of 25264?
4
What is the tens digit of 570?
7
What is the units digit of 127137?
7
What is the tens digit of 3287?
8
What is the thousands digit of 4450?
4
What is the tens digit of 63908?
0
What is the units digit of 15187?
7
What is the units digit of 90?
0
What is the tens digit of 11088?
8
What is the thousands digit of 1770?
1
What is the units digit of 15744?
4
What is the thousands digit of 2561?
2
What is the tens digit of 921?
2
What is the hundreds digit of 466?
4
What is the units digit of 29343?
3
What is the hundreds digit of 6806?
8
What is the tens digit of 73033?
3
What is the hundreds digit of 187?
1
What is the thousands digit of 8062?
8
What is the tens digit of 4403?
0
What is the tens digit of 22072?
7
What is the ten thousands digit of 34912?
3
What is the units digit of 507?
7
What is the thousands digit of 5024?
5
What is the hundreds digit of 11980?
9
What is the hundreds digit of 1210?
2
What is the units digit of 317?
7
What is the thousands digit of 37745?
7
What is the tens digit of 130?
3
What is the units d